0. What are the prime factors of f?
7, 1787
Suppose -52*y + 2833966 = 99234. What are the prime factors of y?
7, 11, 683
Let a = -8128 - -21939. List the prime factors of a.
7, 1973
Suppose 2*i - 934 = 5*p, -7*p + 4*p - 562 = -2*i. Let z = p - -333. What are the prime factors of z?
3, 7
Let x = 247 - 781. Let p = 682 + x. What are the prime factors of p?
2, 37
Suppose -11*a + 4*v - 6823 = -12*a, 6*v - 6825 = -a. List the prime factors of a.
3, 2273
Let z(n) = -n**3 - 18*n**2 - 47*n + 80. What are the prime factors of z(-15)?
2, 5, 11
Let q(u) = 25*u - 103. Let m be q(10). List the prime factors of 100170/m - 4/(-7).
2, 11, 31
List the prime factors of (-5 - -27)/(3*3/8253).
2, 7, 11, 131
Let t be 3 - (-3 - 1)/4. Suppose -t*w - 2*a + 26 = 0, -w = -2*w - a + 6. Suppose -2*y + w*y - 335 = 0. List the prime factors of y.
67
Suppose 0 = 27*o - 177 + 69. Let j be ((-1)/(-1))/(1/4). Suppose -o*b + 2*i = -170, 0*b - j*b - 5*i = -177. What are the prime factors of b?
43
Let c(h) = 2*h**2 + h - 84. Let n be c(15). Suppose -4*s + 313 + 1151 = b, s + 4*b - n = 0. What are the prime factors of s?
5, 73
Let q = 111890 - 54342. What are the prime factors of q?
2, 14387
Let n be ((-2 - -3) + -12)*-59. Let u(f) = 36*f**2 - 123*f - 571. Let r be u(-5). Let h = r - n. What are the prime factors of h?
5, 59
Let y be 1 + -450 - 4 - 3. Let o = -436 - y. List the prime factors of o.
2, 5
Suppose 2*c - 4*x = 16426, -52*x + 56*x - 32804 = -4*c. What are the prime factors of c?
3, 5, 547
Let n = -8191 - -10090. What are the prime factors of n?
3, 211
Suppose 121*v - 2044 = 107*v. Suppose p - 3 = 0, -5*u + u - 321 = 5*p. Let c = u + v. List the prime factors of c.
2, 31
Suppose 3*r - 5*h = r + 1795, h - 3 = 0. Suppose 4*k + k = r. Let z = 274 - k. What are the prime factors of z?
3, 31
What are the prime factors of 584*(290/40 - 9 - 15/(-6))?
2, 3, 73
Let q(o) = 38*o + 1646. Let b be q(0). Suppose 4*z - b = -2*y, 4*z = 5*y - 4282 + 237. What are the prime factors of y?
3, 271
Let s = -625 + 1161. List the prime factors of (-10)/(-30) + s/3.
179
Let a(p) = -p**3 + 5*p**2 + 6*p + 2111. List the prime factors of a(0).
2111
List the prime factors of ((-204)/(-14))/((-17808)/(-1617) + -11).
2, 3, 11, 17
Let n = 413 - 394. Suppose n*g - 5259 = 5970. List the prime factors of g.
3, 197
Let j(p) = 98*p**3 + 39*p**2 - 82*p + 5. What are the prime factors of j(2)?
11, 71
Let k be (-2 + (-4 - 85))*(2 + -1). Let w = k + 265. What are the prime factors of w?
2, 3, 29
Suppose 0 = -5*j - 5*r + 15, 4*j - r - 17 = -0*j. Let d be 590/j + 27/18. Suppose 9*l - 256 = d. What are the prime factors of l?
3, 5
Let z(m) = -m**2 - 15*m - 10. Let t be z(-10). Let q be -8*(-4)/5*t. Suppose -199 = -4*x + x + 2*c, -4*x + q = -5*c. List the prime factors of x.
3, 23
Suppose -135*v + 12695 = -132*v - 4*m, v = 4*m + 4229. What are the prime factors of v?
3, 17, 83
Let o = 402 - 400. What are the prime factors of ((o/1)/(-1))/(66/(-16896))?
2
Let i be ((-2)/(-5))/(18/(-45)) + 4. Suppose 0 = -o - 5*l + 11 - 12, -3*l = i. Let t(r) = 2*r**3 + 8*r**2 - 4*r + 3. List the prime factors of t(o).
3
Suppose 963*b - 1039*b + 769044 = 0. What are the prime factors of b?
3, 3373
Suppose 5*c = -4*a + 326249, -28*c + 26*c + 5*a = -130526. List the prime factors of c.
3, 21751
Suppose -3*f = -2*r + 21950 + 19776, 104315 = 5*r + 17*f. What are the prime factors of r?
31, 673
Let x be 13779/10 + 8/80. Let j = x - 928. List the prime factors of j.
2, 3, 5
Let w be 120/36*6/4. Suppose -5*l - 82 = -4*z - 2087, 0 = w*l - z - 1990. List the prime factors of l.
397
Suppose -d = j - 4*j - 110, -5*d + 2*j = -537. Suppose -66 = 2*f - 2*c + 6*c, -3*c = 4*f + d. Let g = 36 + f. List the prime factors of g.
13
Let w(i) = -2*i - 2. Let p be 2/5 - (1 - 28/(-20)). Let q be w(p). Suppose -4*x = q*o + 3*o - 611, -4*x - 4 = 0. What are the prime factors of o?
3, 41
Let d(r) = 9*r**2 + 156*r - 379. List the prime factors of d(-65).
2, 17, 809
Let p = -15090 - -21964. List the prime factors of p.
2, 7, 491
Let x(o) = -12*o + 101. Let i be x(26). Let r = i - -437. What are the prime factors of r?
2, 113
Let w(c) be the third derivative of 13*c**5/20 - 5*c**4/24 + 11*c**3/3 - 119*c**2. What are the prime factors of w(5)?
2, 3
Suppose 3*f + 2*f - 5 = 0. Let c be 132/(-4 + f) - -4. Let x = -2 - c. What are the prime factors of x?
2, 19
Let x be 3 + (-581 - 3 - 1). Let o(v) = -5*v**2 - 14*v + 42. Let b be o(7). Let r = b - x. What are the prime factors of r?
281
Let m be (72 - 2)*(1 - (0 + 0)). Let z = 57 + m. List the prime factors of z.
127
Let i = -654 - -1078. Let q = 467 - i. What are the prime factors of q?
43
Let q(i) = -5412*i + 2447. List the prime factors of q(-3).
7, 17, 157
Let g(d) = d**3 - 25*d**2 - 24*d - 48. Let a be g(26). Let i = 57 - 53. What are the prime factors of a/(-2) + i - -232?
2, 3, 13
Suppose 5*y - 5*g - 7015 = 0, 7*y - 4*g - 2796 = 5*y. Suppose -190 = 5*m + 85. List the prime factors of 10/(-4)*y/m.
2
Let v(m) = 3*m**2 - 9*m - 17. Let l be v(-6). Suppose 0 = -147*h + l*h + 6. List the prime factors of h.
3
Suppose 4*r - 33340 = -4*a, -4*a + 27467 + 5878 = -r. List the prime factors of ((-6)/9 - a/(-12))/1.
2, 347
Suppose -293*g + 48 = -285*g. Suppose -4*m = -g*m - l + 1069, -2674 = -5*m - 3*l. What are the prime factors of m?
13, 41
Let f(q) be the third derivative of 55*q**4/8 + q**3/2 - 44*q**2 + 1. What are the prime factors of f(4)?
3, 13, 17
Let o(t) = -9281*t + 444. List the prime factors of o(-1).
5, 389
Suppose 5*o - 6354 = -4*s - 0*o, -4 = 2*o. Suppose -4*x + 3*g - 2*g + s = 0, -1206 = -3*x + 5*g. What are the prime factors of x?
397
What are the prime factors of (-85697952)/(-3876) - (2 + 80/(-38))?
2, 3, 5, 11, 67
Let m(y) = -y**3 - 77*y**2 + 24*y + 67. What are the prime factors of m(-78)?
11, 389
Let q(b) = -844*b + 269. What are the prime factors of q(-1)?
3, 7, 53
Let i be 699/27 - 2/(-18). Let a = -33 + i. What are the prime factors of (2/(-5))/((a/150)/7)?
2, 3, 5
List the prime factors of 2/23 + 312476/23.
2, 6793
Let z be (-2*(-5)/(-20))/(2/72). List the prime factors of 445/15 - 24/z.
31
Suppose 3*f + 1 = 5*i, 6*f = 4*f - 5*i + 16. Suppose 1015 = -5*w - 5*u, -f*u - 401 = -w + 3*w. Let r = -119 - w. What are the prime factors of r?
89
Let b = -232 - -370. Suppose -3*g + o + 2*o + b = 0, 0 = 2*o - 4. Let l = g - 10. List the prime factors of l.
2, 19
Suppose -23*u = -24*u - 9. What are the prime factors of (u/9*219)/((-6)/4)?
2, 73
Suppose -3*k + 140 = -4*h, 5*k + 2*h - 5*h = 237. Let t = k + 0. Suppose -2*b + 2*w - t = -6*b, 0 = 3*b - 4*w - 14. List the prime factors of b.
2, 5
Let j = 1209 + 950. List the prime factors of j.
17, 127
Let z(j) = j - 8. Let s be (-9 - -6)/(1 + (-14)/8). Let u be z(s). List the prime factors of 111 - (-5)/((-80)/12)*u.
2, 3, 19
Let s(i) = -i**2 - 38*i - 131. Let z be s(-34). Suppose 0 = 5*x - z*p - 835, -2*x + 219 + 105 = -4*p. What are the prime factors of x?
2, 43
Suppose 0 = 7*u + 10*u - 68. Suppose -23*j - 659 = -a - 21*j, a + u*j = 671. List the prime factors of a.
3, 13, 17
Suppose 5503*b + 3*f = 5499*b + 33643, -4*b = -5*f - 33603. List the prime factors of b.
7, 1201
Let j(i) = i**3 - 20*i**2 + 2*i - 47. Let f be j(20). List the prime factors of (-4510)/f - (-40)/(-140).
2, 7, 23
Let n = 1869 - -2115. What are the prime factors of n?
2, 3, 83
Let m(f) = -f**2 - 9*f + 3. Let w be m(-9). Suppose -2954 = -11*y - w*y. What are the prime factors of y?
211
Let a(n) = n**3 + 24*n**2 - 33*n + 8. Let r be a(-25). Suppose 4*b = -4*d + r, -3*d + 67 = b - 89. List the prime factors of d.
2, 13
Suppose 0 = -256*x + 46*x + 3224130. What are the prime factors of x?
13, 1181
Let g = 3263 + -3263. Suppose -2*f + 5*f = 12. What are the prime factors of (-2 + -2 + g)*(-31)/f?
31
Let a(u) = 57*u**3 + 5*u**2 - 10*u + 6. Let d be ((-27)/(-36))/((-3)/(-12)). List the prime factors of a(d).
2, 3, 5, 13
Let b(p) = p + 1. Let m(y) = y**2 + 23*y - 9. Let u(l) = -b(l) + m(l). Let t be u(-23). Suppose -t*f = -18*f + 1085. List the prime factors of f.
7, 31
Let w = 14472 - 6861. List the prime factors of w.
3, 43, 59
What are the prime factors of (1/12*205036)/(1/3)?
13, 3943
Suppose 2154*i = 4287*i - 2156*i + 961722. What are the prime factors of i?
2, 3, 23, 101
Let p = 29795 - 90